c be t(-3). Let u be 0 - -2 - (-36)/1. Let s = 17 + u. Calculate the greatest common divisor of s and c.
11
Suppose -5*l = a - 106, 0*a + 4*l + 394 = 3*a. What is the greatest common divisor of 18 and a?
18
Let c(l) = -l**2 + 14*l + 21. Let o be c(15). Suppose 2*i = 3*x + o, 3 = -x + 7. What is the highest common factor of i and 36?
9
Let j be ((-198)/3)/(-6 + 2 + 2). Calculate the greatest common factor of 11 and j.
11
Let d(q) = -q**2 + 10*q - 10. Let b be d(8). Suppose 19 + 5 = 4*x. What is the greatest common factor of b and x?
6
Let o(h) = -h**2 + 30*h - 39. Let t be o(24). Calculate the greatest common divisor of t and 35.
35
Suppose -109 = -5*l + 11. Let r = 7 + 5. What is the highest common divisor of l and r?
12
Suppose -y + 2 = -8. Let x be (0 + 30)*24/18. Calculate the highest common factor of x and y.
10
Let l be -4*(-3 + (-4)/(-4)). Let m be (-2)/((9/(-8))/9). What is the highest common factor of l and m?
8
Suppose -3*v + j = -124, -v + 2*j + 0*j + 38 = 0. Calculate the greatest common divisor of v and 28.
14
Let a(q) = 2*q**2 - 2*q + 14. Let u be a(-7). What is the greatest common divisor of u and 18?
18
Let s = 7 + -5. Suppose 5*q = 2*g - 51, -s*g + 15 = -g + q. What is the greatest common factor of 18 and g?
18
Let t(b) = b + 12. Let x be t(0). Suppose -5*q - 5*f = -0*q - 30, 3*q = -5*f + x. What is the greatest common divisor of q and 9?
9
Let p(o) = 25*o**2 - 2*o + 1. Let m be p(1). Suppose -z + 0*z = -m. Suppose z = 3*a - 0*a. What is the greatest common divisor of 1 and a?
1
Let i = 39 + -24. Suppose 2*h = -3*v + v + 94, 0 = 5*h + i. What is the highest common factor of v and 10?
10
Let m(h) = -h**2. Let s be m(2). Let b be (2 - s)/((-2)/(-6)). Suppose -f + b = 6. Calculate the greatest common factor of 108 and f.
12
Suppose 2*a + 8 = 12. Suppose a*n = 5*p - 52, -4*p - 4*n + 16 = -20. What is the greatest common factor of p and 70?
10
Suppose -g + 5 = -6*g. Let u(s) be the third derivative of -s**4/12 + s**3/6 + 3*s**2. Let z be u(g). Calculate the highest common divisor of z and 21.
3
Let u be ((-228)/133)/(((-10)/84)/5). What is the greatest common divisor of u and 9?
9
Suppose -4*r = 4, -9*x + 6*x - 3*r = -15. Calculate the greatest common divisor of x and 6.
6
Suppose 1 + 2 = i. Suppose -4*v = t - 0*v + 2, 10 = i*t + 4*v. Calculate the highest common divisor of 54 and t.
6
Suppose a = 15 + 3. Let b be ((-6)/(-3) + 1)*a. What is the highest common factor of b and 18?
18
Let m(j) = 4*j - 44. Let s be m(25). What is the greatest common factor of s and 140?
28
Let o = 13 + 11. Let j(r) = r**2 - 2*r - 5. Let c be j(4). What is the greatest common factor of o and c?
3
Suppose 0 = -4*l + 8 + 8. Calculate the greatest common divisor of 28 and l.
4
Suppose -4*r = -9 - 11. Suppose 15 + 15 = r*d. Suppose 3*z + 252 = d*z. What is the greatest common divisor of 21 and z?
21
Let t = 124 - 69. Suppose f - 54 = 5*f + 2*r, 4*f = -3*r - 53. Let g = f - -36. Calculate the greatest common factor of t and g.
11
Let x(o) = 2*o**2 + 3*o. Let r be x(-6). Suppose 0 = -j + 2*p - 10 + 40, 0 = -2*j - 2*p + r. What is the highest common divisor of j and 4?
4
Let l be (-142)/(-12) + 1 - 6/(-36). Calculate the highest common divisor of l and 117.
13
Let s be (-4 - -10)/(2/20). Calculate the greatest common divisor of 10 and s.
10
Let f = -8 - -13. Suppose 0 = -3*g + 82 + 38. Calculate the greatest common divisor of g and f.
5
Let y(l) = l**2 - 6*l + 7. Let x be y(5). Suppose 0 = c - 4*w - 28, 0 = -x*c - w + 2 + 18. Calculate the highest common divisor of c and 24.
12
Suppose j = 2 + 3. Suppose 4*z + 70 = j*z. Calculate the highest common divisor of z and 10.
10
Suppose 2*j + 0*t - t - 34 = 0, 3*j - 3*t - 51 = 0. Let z = 25 - j. Calculate the greatest common divisor of z and 32.
8
Suppose -7*q + 2*q + 75 = 0. Let l be ((-700)/(-6))/(5/q). Suppose 3*i - l = -2*i. What is the highest common factor of i and 14?
14
Let p = 2 - -4. Calculate the highest common divisor of p and 9.
3
Let s(l) = -17*l + 3. Let g(z) = 9*z - 2. Let a(r) = 11*g(r) + 6*s(r). Let d be a(-9). Suppose 4*i + 7 = d. What is the greatest common divisor of i and 16?
4
Let r be 16 - (1 - 0/1). Let y = 148 + -73. Calculate the highest common factor of y and r.
15
Suppose -4*z - 78 = 5*c - 292, 3*z = -c + 45. Let l = 39 + -33. Calculate the highest common divisor of c and l.
6
Suppose 4*r - 162 = -3*g + 3, 2*g - 124 = -3*r. Calculate the greatest common divisor of r and 28.
14
Let b be -1 + 20 - 1 - 2. Suppose -5*y - 4*i = -6*y + 63, y - 78 = i. Let d = 61 + y. What is the greatest common factor of d and b?
16
Let h(r) = r**3 - 8*r**2 - 7*r - 9. Let g be h(9). What is the greatest common factor of 15 and g?
3
Suppose -p + 52 = -53. Let x = -6 - -8. Suppose 4*y - 20 = 0, -5*y = -2*n - x*n + 143. What is the highest common factor of p and n?
21
Let s = 96 + -64. What is the greatest common divisor of s and 80?
16
Let j = -16 - -14. Let q be (j + (-10)/(-3))*15. What is the greatest common divisor of 10 and q?
10
Let u be ((-16)/(-3))/(2/6). Suppose 3*l - 4*l - 3 = -t, -7 = -t - l. Suppose -2*c + t*c - 432 = 0. What is the greatest common divisor of c and u?
16
Let q be 2/5 - 776/(-10). Let x = 63 - 50. Calculate the greatest common factor of x and q.
13
Let d be ((-12)/(-9))/(15/270). What is the highest common factor of d and 24?
24
Suppose -2*x = -x - 72. What is the highest common divisor of x and 8?
8
Let n(q) = 2*q + 6. Let u be n(-5). Let m be (3 - 1)*(-26)/u. What is the greatest common factor of 65 and m?
13
Let g(r) = 5*r**2 - r. Let k be g(-2). Let j be ((-209)/(-38))/((-2)/(-4)). Calculate the highest common factor of j and k.
11
Let t = 2 + -2. Let y be (0 - -1) + t + 2. What is the highest common factor of 15 and y?
3
Let p(z) = -3*z + 39. Let m be p(9). Let b = 1 + 3. What is the greatest common divisor of m and b?
4
Suppose 62*y - 18 = 59*y. Calculate the highest common divisor of y and 66.
6
Suppose -4*g + 20 = -0*g, -71 = -i - 3*g. Let z be (9/4)/(21/i). Calculate the greatest common divisor of z and 9.
3
Suppose 3*r - 5 = 4. Let m be (-2 + 110/r)*3. What is the highest common factor of 13 and m?
13
Let n(i) = -i**3 - i**2 + 3. Let r be n(0). Let s(k) = 15*k - 3. Let c be s(r). Calculate the greatest common factor of c and 63.
21
Let x be -4 + 7 + -3 + (-2 - -21). Calculate the highest common divisor of 152 and x.
19
Suppose 3*u = u + 342. Suppose 2*x + p - 57 + 17 = 0, 4*p + 87 = 5*x. Calculate the highest common divisor of u and x.
19
Let d(o) = -o**3 - 4*o**2 + 5*o + 2. Let n be d(-5). Suppose -n = 4*y - 34. What is the greatest common divisor of y and 88?
8
Suppose 0 = 3*i - 4*i + 6. Let a(l) = l**3 + 7*l**2 + 6*l + 6. Let h be a(-6). What is the greatest common factor of h and i?
6
Let w be (-1)/(3/(-27) - 0). Calculate the greatest common divisor of 72 and w.
9
Suppose -3*q + 0*q = 0. Suppose -n + 5*n - 432 = q. Calculate the greatest common factor of n and 12.
12
Let u = -99 - -183. What is the highest common divisor of 28 and u?
28
Suppose 10 = v - 22. What is the highest common divisor of 48 and v?
16
Let m = 5 + -5. Suppose m = -r + 20 + 8. Let p be 1*5*(-12)/(-15). What is the highest common divisor of p and r?
4
Let m be (6/(-15))/((-3)/210). Calculate the greatest common divisor of 4 and m.
4
Suppose -1 - 2 = -g. Let j(p) = -p + 2. Let x be j(0). Suppose s + x = 3*d, s + s - 3*d = -1. What is the highest common divisor of g and s?
1
Let p be ((-4)/(-3))/(2/12). Let t = 35 + 5. What is the highest common factor of t and p?
8
Let k(u) = -u**3 - 7*u**2 - 5*u + 14. Let h be k(-7). What is the greatest common divisor of 14 and h?
7
Suppose 3*q + 0 = 33. Suppose 13 = 3*j - q. Calculate the greatest common divisor of 56 and j.
8
Suppose 8*w - 3*w = o + 9, 0 = 2*o - 2*w - 6. Calculate the greatest common divisor of 1 and o.
1
Let p be 9/15 + (-132)/(-30). Let b be 3/p*15/3. Calculate the greatest common divisor of b and 3.
3
Suppose 18*a = 17*a + 84. Calculate the highest common divisor of a and 56.
28
Let m = -84 + 94. What is the highest common divisor of 90 and m?
10
Let v be (-7)/((-3)/(-18)*-3). What is the highest common divisor of 2 and v?
2
Let j = 3 + -3. Let l = 2 - j. Let y(a) = 5*a. Let f be y(l). What is the greatest common factor of f and 90?
10
Let y